{"id":12138,"date":"2023-09-02T08:00:19","date_gmt":"2023-09-02T08:00:19","guid":{"rendered":"https:\/\/nzdd.de\/?page_id=12138"},"modified":"2026-01-27T11:41:43","modified_gmt":"2026-01-27T10:41:43","slug":"kalender","status":"publish","type":"page","link":"https:\/\/nzdd.de\/?page_id=12138","title":{"rendered":"Termine"},"content":{"rendered":"\t\t<div data-elementor-type=\"wp-page\" data-elementor-id=\"12138\" class=\"elementor elementor-12138\">\n\t\t\t\t\t\t<section class=\"elementor-section elementor-top-section elementor-element elementor-element-7832178 elementor-section-boxed elementor-section-height-default elementor-section-height-default\" data-id=\"7832178\" data-element_type=\"section\" data-e-type=\"section\">\n\t\t\t\t\t\t<div class=\"elementor-container elementor-column-gap-default\">\n\t\t\t\t\t<div class=\"elementor-column elementor-col-100 elementor-top-column elementor-element elementor-element-e9f50a2\" data-id=\"e9f50a2\" data-element_type=\"column\" data-e-type=\"column\">\n\t\t\t<div class=\"elementor-widget-wrap elementor-element-populated\">\n\t\t\t\t\t\t<div class=\"elementor-element elementor-element-b2eed0a elementor-widget elementor-widget-text-editor\" data-id=\"b2eed0a\" data-element_type=\"widget\" data-e-type=\"widget\" data-widget_type=\"text-editor.default\">\n\t\t\t\t<div class=\"elementor-widget-container\">\n\t\t\t\t\t\t\t\t\t<p><strong>3. Januar 2026 Fahrkartenverkauf im Narrenst\u00fcble &#8211; 10 bis 16 Uhr<\/strong><\/p>\n<p><strong>5. Januar 2026 Generalversammlung im Rathaus<\/strong><\/p>\n<p><strong>9. Januar 2026 Garde- und Showtanzwettbewerb Heinstetten<\/strong><\/p>\n<p><strong>10. Januar 2026 Fahrkartenverkauf im Narrenst\u00fcble &#8211; 10 bis 16 Uhr<\/strong><\/p>\n<p><strong>17. Januar 2026 Nachtumzug Frittlingen<br><\/strong>Busfahrzeiten:<br>Hinfahrt 17:30 Uhr (Narrenst\u00fcble, Rathaus, Azzurra)<br>R\u00fcckfahrt 01:30 Uhr (Narrenst\u00fcble, Rathaus, Azzurra, Neubaugebiet)<br>Alle Infos unter <a href=\"https:\/\/www.nz-frittlingen.de\/nachtumzug-90-jahre-narrenzunft-frittlingen\/\">www.nz-frittlingen.de\/nachtumzug-90-jahre-narrenzunft-frittlingen\/<\/a><\/p>\n<p><strong>23. Januar 2026 Brauchtumsabend Stra\u00dfberg<\/strong><br>Alle Infos unter <a href=\"https:\/\/www.bnv-strassberg.de\/ringtreffen-2026\/\">www.bnv-strassberg.de\/ringtreffen-2026\/<\/a><\/p>\n<p><strong>24. Januar 2026 Garde- und Showtanzwettbewerb Frittlingen<\/strong><\/p>\n<p><strong>31. Januar bis 1. Februar 2026 Ringtreffen Lauffen<br>Samstag:<\/strong><br>Hinfahrt 15:30 Uhr (Narrenst\u00fcble, Beda, Rathaus &amp; Azzurra)<br>R\u00fcckfahrt 23:00 Uhr<\/p>\n<p><b>Sonntag:<\/b><br>Hinfahrt 11:30 Uhr (Narrenst\u00fcble, Beda, Rathaus &amp; Azzurra)<br>R\u00fcckfahrt 18:30 Uhr<br>Alle Infos unter <a href=\"https:\/\/www.nz-lauffen.de\/ringtreffen\/\">www.nz-lauffen.de\/ringtreffen\/<\/a><\/p>\n<p><strong>7. Februar 2026 Garde- und<\/strong><strong> Showtanzwettbewerb Deilingen<\/strong><\/p>\n<p><strong>8. Februar 2026 Ringtreffen K\u00f6nigsheim<\/strong><\/p>\n<p><strong>12. bis 16. Februar 2026 Ortsfasnet<\/strong><\/p>\n<div>&nbsp;<\/div>\t\t\t\t\t\t\t\t<\/div>\n\t\t\t\t<\/div>\n\t\t\t\t\t<\/div>\n\t\t<\/div>\n\t\t\t\t\t<\/div>\n\t\t<\/section>\n\t\t\t\t<\/div>\n\t\t","protected":false},"excerpt":{"rendered":"<p>3. Januar 2026 Fahrkartenverkauf im Narrenst\u00fcble &#8211; 10 bis 16&hellip;<\/p>\n<p> <a class=\"more-link\" href=\"https:\/\/nzdd.de\/?page_id=12138\">Weiterlesen<\/a><\/p>\n","protected":false},"author":1,"featured_media":0,"parent":0,"menu_order":0,"comment_status":"closed","ping_status":"closed","template":"","meta":{"footnotes":""},"class_list":["post-12138","page","type-page","status-publish"],"_links":{"self":[{"href":"https:\/\/nzdd.de\/index.php?rest_route=\/wp\/v2\/pages\/12138"}],"collection":[{"href":"https:\/\/nzdd.de\/index.php?rest_route=\/wp\/v2\/pages"}],"about":[{"href":"https:\/\/nzdd.de\/index.php?rest_route=\/wp\/v2\/types\/page"}],"author":[{"embeddable":true,"href":"https:\/\/nzdd.de\/index.php?rest_route=\/wp\/v2\/users\/1"}],"replies":[{"embeddable":true,"href":"https:\/\/nzdd.de\/index.php?rest_route=%2Fwp%2Fv2%2Fcomments&post=12138"}],"version-history":[{"count":44,"href":"https:\/\/nzdd.de\/index.php?rest_route=\/wp\/v2\/pages\/12138\/revisions"}],"predecessor-version":[{"id":13035,"href":"https:\/\/nzdd.de\/index.php?rest_route=\/wp\/v2\/pages\/12138\/revisions\/13035"}],"wp:attachment":[{"href":"https:\/\/nzdd.de\/index.php?rest_route=%2Fwp%2Fv2%2Fmedia&parent=12138"}],"curies":[{"name":"wp","href":"https:\/\/api.w.org\/{rel}","templated":true}]}}