{"id":12260,"date":"2023-09-03T08:49:28","date_gmt":"2023-09-03T08:49:28","guid":{"rendered":"https:\/\/nzdd.de\/?page_id=12260"},"modified":"2024-11-09T09:13:31","modified_gmt":"2024-11-09T09:13:31","slug":"geschichte","status":"publish","type":"page","link":"https:\/\/nzdd.de\/?page_id=12260","title":{"rendered":"Geschichte"},"content":{"rendered":"\t\t<div data-elementor-type=\"wp-page\" data-elementor-id=\"12260\" class=\"elementor elementor-12260\">\n\t\t\t\t\t\t<section class=\"elementor-section elementor-top-section elementor-element elementor-element-2e55f68 elementor-section-boxed elementor-section-height-default elementor-section-height-default\" data-id=\"2e55f68\" data-element_type=\"section\" data-e-type=\"section\">\n\t\t\t\t\t\t<div class=\"elementor-container elementor-column-gap-default\">\n\t\t\t\t\t<div class=\"elementor-column elementor-col-100 elementor-top-column elementor-element elementor-element-b85a6d1\" data-id=\"b85a6d1\" data-element_type=\"column\" data-e-type=\"column\">\n\t\t\t<div class=\"elementor-widget-wrap elementor-element-populated\">\n\t\t\t\t\t\t<div class=\"elementor-element elementor-element-fb6ddb2 elementor-widget elementor-widget-text-editor\" data-id=\"fb6ddb2\" data-element_type=\"widget\" data-e-type=\"widget\" data-widget_type=\"text-editor.default\">\n\t\t\t\t<div class=\"elementor-widget-container\">\n\t\t\t\t\t\t\t\t\t<p>Die Narrenzunft Deilingen-Delkhofen kann auf eine reichhaltige und lebendige Geschichte zur\u00fcckblicken, die weit \u00fcber ein Jahrhundert zur\u00fcckreicht. Im Herzen des schw\u00e4bisch-alemannischen Fasnetsraums beheimatet, pflegt die Zunft die Tradition der &#8222;K\u00f6hlernarren&#8220; mit Leidenschaft und Stolz.<\/p>\t\t\t\t\t\t\t\t<\/div>\n\t\t\t\t<\/div>\n\t\t\t\t\t<\/div>\n\t\t<\/div>\n\t\t\t\t\t<\/div>\n\t\t<\/section>\n\t\t\t\t<section class=\"elementor-section elementor-top-section elementor-element elementor-element-253b2a9 elementor-section-boxed elementor-section-height-default elementor-section-height-default\" data-id=\"253b2a9\" data-element_type=\"section\" data-e-type=\"section\">\n\t\t\t\t\t\t<div class=\"elementor-container elementor-column-gap-default\">\n\t\t\t\t\t<div class=\"elementor-column elementor-col-100 elementor-top-column elementor-element elementor-element-3e457ff\" data-id=\"3e457ff\" data-element_type=\"column\" data-e-type=\"column\">\n\t\t\t<div class=\"elementor-widget-wrap elementor-element-populated\">\n\t\t\t\t\t\t<div class=\"elementor-element elementor-element-d57a784 elementor-widget elementor-widget-heading\" data-id=\"d57a784\" data-element_type=\"widget\" data-e-type=\"widget\" data-widget_type=\"heading.default\">\n\t\t\t\t<div class=\"elementor-widget-container\">\n\t\t\t\t\t<h2 class=\"elementor-heading-title elementor-size-default\">Die Anf\u00e4nge der Fasnet in Deilingen-Delkhofen<\/h2>\t\t\t\t<\/div>\n\t\t\t\t<\/div>\n\t\t\t\t\t<\/div>\n\t\t<\/div>\n\t\t\t\t\t<\/div>\n\t\t<\/section>\n\t\t\t\t<section class=\"elementor-section elementor-top-section elementor-element elementor-element-1a8ec97 elementor-section-boxed elementor-section-height-default elementor-section-height-default\" data-id=\"1a8ec97\" data-element_type=\"section\" data-e-type=\"section\">\n\t\t\t\t\t\t<div class=\"elementor-container elementor-column-gap-default\">\n\t\t\t\t\t<div class=\"elementor-column elementor-col-100 elementor-top-column elementor-element elementor-element-294069e\" data-id=\"294069e\" data-element_type=\"column\" data-e-type=\"column\">\n\t\t\t<div class=\"elementor-widget-wrap elementor-element-populated\">\n\t\t\t\t\t\t<div class=\"elementor-element elementor-element-153c3e5 elementor-widget elementor-widget-text-editor\" data-id=\"153c3e5\" data-element_type=\"widget\" data-e-type=\"widget\" data-widget_type=\"text-editor.default\">\n\t\t\t\t<div class=\"elementor-widget-container\">\n\t\t\t\t\t\t\t\t\t<p>Bereits um 1870 ist die Fasnet in der Gemeinde fest verankert und geschichtlich belegt. Damals wurde die \u201eFasnet\u201c haupts\u00e4chlich am Schmotzigen Donnerstag gefeiert \u2013 mit einer Besonderheit: Es gab noch keine eigenen Narrenkleider, sodass die Deilinger Narren, im Volksmund \u201eBettelnarren\u201c genannt, ihre H\u00e4s und Masken aus anderen Gemeinden ausleihen mussten. Wer kein H\u00e4s auftreiben konnte, verkleidete sich als \u201eMaschger\u201c und mischte sich so ins bunte Treiben.<\/p>\t\t\t\t\t\t\t\t<\/div>\n\t\t\t\t<\/div>\n\t\t\t\t\t<\/div>\n\t\t<\/div>\n\t\t\t\t\t<\/div>\n\t\t<\/section>\n\t\t\t\t<section class=\"elementor-section elementor-top-section elementor-element elementor-element-e2ad177 elementor-section-boxed elementor-section-height-default elementor-section-height-default\" data-id=\"e2ad177\" data-element_type=\"section\" data-e-type=\"section\">\n\t\t\t\t\t\t<div class=\"elementor-container elementor-column-gap-default\">\n\t\t\t\t\t<div class=\"elementor-column elementor-col-100 elementor-top-column elementor-element elementor-element-02a0ad3\" data-id=\"02a0ad3\" data-element_type=\"column\" data-e-type=\"column\">\n\t\t\t<div class=\"elementor-widget-wrap elementor-element-populated\">\n\t\t\t\t\t\t<div class=\"elementor-element elementor-element-b0e37d5 elementor-widget elementor-widget-text-editor\" data-id=\"b0e37d5\" data-element_type=\"widget\" data-e-type=\"widget\" data-widget_type=\"text-editor.default\">\n\t\t\t\t<div class=\"elementor-widget-container\">\n\t\t\t\t\t\t\t\t\t<p>Zwischen 1900 und 1914 \u00fcbernahmen die Rekruten die Organisation der Fasnet und f\u00fchrten das Dorf mit Umz\u00fcgen und T\u00e4nzen durch die n\u00e4rrische Zeit. Der Umzug zog von Wirtshaus zu Wirtshaus, verlor jedoch nach und nach Teilnehmer, da einige bereits fr\u00fcher im Wirtshaus h\u00e4ngen blieben. Diese Zeiten zeigen: Fasnet war schon damals nicht nur ein Umzug, sondern ein geselliges Ereignis voller Freude und Gemeinschaft.<\/p><p>Um Verwirrungen zu vermeiden, legten die Narren aus Delkhofen eine sogenannte \u201eS\u00e4gemehlgrenze\u201c an, die die Dorfgrenze zur Fasnet-Zeit markierte. Heute existiert diese Grenze nicht mehr, da Deilingen und Delkhofen beschlossen haben, das Fest harmonisch und gemeinsam zu gestalten.<\/p>\t\t\t\t\t\t\t\t<\/div>\n\t\t\t\t<\/div>\n\t\t\t\t\t<\/div>\n\t\t<\/div>\n\t\t\t\t\t<\/div>\n\t\t<\/section>\n\t\t\t\t<section class=\"elementor-section elementor-top-section elementor-element elementor-element-7921607 elementor-section-boxed elementor-section-height-default elementor-section-height-default\" data-id=\"7921607\" data-element_type=\"section\" data-e-type=\"section\">\n\t\t\t\t\t\t<div class=\"elementor-container elementor-column-gap-default\">\n\t\t\t\t\t<div class=\"elementor-column elementor-col-100 elementor-top-column elementor-element elementor-element-dbbb478\" data-id=\"dbbb478\" data-element_type=\"column\" data-e-type=\"column\">\n\t\t\t<div class=\"elementor-widget-wrap elementor-element-populated\">\n\t\t\t\t\t\t<div class=\"elementor-element elementor-element-d4442be elementor-widget elementor-widget-text-editor\" data-id=\"d4442be\" data-element_type=\"widget\" data-e-type=\"widget\" data-widget_type=\"text-editor.default\">\n\t\t\t\t<div class=\"elementor-widget-container\">\n\t\t\t\t\t\t\t\t\t<p>Nach dem Ersten Weltkrieg wurde die Fasnet in Zeiten des Wandels und Widerstands weitergef\u00fchrt \u2013 wenn auch teilweise von der Obrigkeit verboten. Trotzdem fanden Umz\u00fcge statt, und die Bev\u00f6lkerung hielt ihre Traditionen am Leben. Die \u00dcberlieferung erz\u00e4hlt von Narren, die vor der Reichswehr \u00fcbers Feld fl\u00fcchten mussten oder sich heimlich H\u00e4s organisierten, um das Fest feiern zu k\u00f6nnen.<\/p>\t\t\t\t\t\t\t\t<\/div>\n\t\t\t\t<\/div>\n\t\t\t\t\t<\/div>\n\t\t<\/div>\n\t\t\t\t\t<\/div>\n\t\t<\/section>\n\t\t\t\t<section class=\"elementor-section elementor-top-section elementor-element elementor-element-af4e5d2 elementor-section-boxed elementor-section-height-default elementor-section-height-default\" data-id=\"af4e5d2\" data-element_type=\"section\" data-e-type=\"section\">\n\t\t\t\t\t\t<div class=\"elementor-container elementor-column-gap-default\">\n\t\t\t\t\t<div class=\"elementor-column elementor-col-100 elementor-top-column elementor-element elementor-element-cad4dda\" data-id=\"cad4dda\" data-element_type=\"column\" data-e-type=\"column\">\n\t\t\t<div class=\"elementor-widget-wrap elementor-element-populated\">\n\t\t\t\t\t\t<div class=\"elementor-element elementor-element-5fb3f95 elementor-widget elementor-widget-heading\" data-id=\"5fb3f95\" data-element_type=\"widget\" data-e-type=\"widget\" data-widget_type=\"heading.default\">\n\t\t\t\t<div class=\"elementor-widget-container\">\n\t\t\t\t\t<h2 class=\"elementor-heading-title elementor-size-default\">Gr\u00fcndung der Narrenzunft <\/h2>\t\t\t\t<\/div>\n\t\t\t\t<\/div>\n\t\t\t\t\t<\/div>\n\t\t<\/div>\n\t\t\t\t\t<\/div>\n\t\t<\/section>\n\t\t\t\t<section class=\"elementor-section elementor-top-section elementor-element elementor-element-bcf029d elementor-section-boxed elementor-section-height-default elementor-section-height-default\" data-id=\"bcf029d\" data-element_type=\"section\" data-e-type=\"section\">\n\t\t\t\t\t\t<div class=\"elementor-container elementor-column-gap-default\">\n\t\t\t\t\t<div class=\"elementor-column elementor-col-100 elementor-top-column elementor-element elementor-element-2c760f6\" data-id=\"2c760f6\" data-element_type=\"column\" data-e-type=\"column\">\n\t\t\t<div class=\"elementor-widget-wrap elementor-element-populated\">\n\t\t\t\t\t\t<div class=\"elementor-element elementor-element-4f3ce3f elementor-widget elementor-widget-text-editor\" data-id=\"4f3ce3f\" data-element_type=\"widget\" data-e-type=\"widget\" data-widget_type=\"text-editor.default\">\n\t\t\t\t<div class=\"elementor-widget-container\">\n\t\t\t\t\t\t\t\t\t<p>Am 8. Januar 1963 war es schlie\u00dflich soweit: Die heutige Narrenzunft Deilingen-Delkhofen wurde gegr\u00fcndet, eine feste Zunftstruktur entstand, und die Tradition nahm einen neuen Aufschwung. Willi Wei\u00df aus Delkhofen wurde Zunftmeister und Pr\u00e4sident, und eine neue \u00c4ra der organisierten Fasnet begann. Diese Zeit brachte auch den \u201eK\u00f6hler am Bohl\u201c als Narrenfigur hervor \u2013 heute eine der pr\u00e4genden Gestalten der Narrenzunft, die durch ihre auff\u00e4lligen Kost\u00fcme und die unverkennbare Erscheinung die Stra\u00dfen der Gemeinde beleben.<\/p>\t\t\t\t\t\t\t\t<\/div>\n\t\t\t\t<\/div>\n\t\t\t\t\t<\/div>\n\t\t<\/div>\n\t\t\t\t\t<\/div>\n\t\t<\/section>\n\t\t\t\t<section class=\"elementor-section elementor-top-section elementor-element elementor-element-86439cf elementor-section-boxed elementor-section-height-default elementor-section-height-default\" data-id=\"86439cf\" data-element_type=\"section\" data-e-type=\"section\">\n\t\t\t\t\t\t<div class=\"elementor-container elementor-column-gap-default\">\n\t\t\t\t\t<div class=\"elementor-column elementor-col-100 elementor-top-column elementor-element elementor-element-d305ede\" data-id=\"d305ede\" data-element_type=\"column\" data-e-type=\"column\">\n\t\t\t<div class=\"elementor-widget-wrap elementor-element-populated\">\n\t\t\t\t\t\t<div class=\"elementor-element elementor-element-6046a71 elementor-widget elementor-widget-text-editor\" data-id=\"6046a71\" data-element_type=\"widget\" data-e-type=\"widget\" data-widget_type=\"text-editor.default\">\n\t\t\t\t<div class=\"elementor-widget-container\">\n\t\t\t\t\t\t\t\t\t<p>1981 f\u00fchrte die Zunft eine weitere Figur ein: den &#8222;K\u00f6hlergeist&#8220;, der zusammen mit einem eigens komponierten Narrenmarsch vorgestellt wurde. Die Kreativit\u00e4t und das Engagement der Narrenzunft spiegeln sich auch in der Gr\u00fcndung der Prinzengarde wider, die jedes Jahr beim Fasnetsumzug sowie bei den \u00fcberregionalen Narrentreffen auftritt und mit ihren Showtanzeinlagen f\u00fcr Begeisterung sorgt.<\/p>\t\t\t\t\t\t\t\t<\/div>\n\t\t\t\t<\/div>\n\t\t\t\t\t<\/div>\n\t\t<\/div>\n\t\t\t\t\t<\/div>\n\t\t<\/section>\n\t\t\t\t<section class=\"elementor-section elementor-top-section elementor-element elementor-element-33d4c2f elementor-section-boxed elementor-section-height-default elementor-section-height-default\" data-id=\"33d4c2f\" data-element_type=\"section\" data-e-type=\"section\">\n\t\t\t\t\t\t<div class=\"elementor-container elementor-column-gap-default\">\n\t\t\t\t\t<div class=\"elementor-column elementor-col-100 elementor-top-column elementor-element elementor-element-6d9ced8\" data-id=\"6d9ced8\" data-element_type=\"column\" data-e-type=\"column\">\n\t\t\t<div class=\"elementor-widget-wrap elementor-element-populated\">\n\t\t\t\t\t\t<div class=\"elementor-element elementor-element-7d1058a elementor-widget elementor-widget-heading\" data-id=\"7d1058a\" data-element_type=\"widget\" data-e-type=\"widget\" data-widget_type=\"heading.default\">\n\t\t\t\t<div class=\"elementor-widget-container\">\n\t\t\t\t\t<h3 class=\"elementor-heading-title elementor-size-default\">H\u00f6hepunkte und Events: Vom Ringtreffen bis zum Gardewettbewerb<\/h3>\t\t\t\t<\/div>\n\t\t\t\t<\/div>\n\t\t\t\t\t<\/div>\n\t\t<\/div>\n\t\t\t\t\t<\/div>\n\t\t<\/section>\n\t\t\t\t<section class=\"elementor-section elementor-top-section elementor-element elementor-element-c629157 elementor-section-boxed elementor-section-height-default elementor-section-height-default\" data-id=\"c629157\" data-element_type=\"section\" data-e-type=\"section\">\n\t\t\t\t\t\t<div class=\"elementor-container elementor-column-gap-default\">\n\t\t\t\t\t<div class=\"elementor-column elementor-col-100 elementor-top-column elementor-element elementor-element-ddb9b6a\" data-id=\"ddb9b6a\" data-element_type=\"column\" data-e-type=\"column\">\n\t\t\t<div class=\"elementor-widget-wrap elementor-element-populated\">\n\t\t\t\t\t\t<div class=\"elementor-element elementor-element-f01a178 elementor-widget elementor-widget-text-editor\" data-id=\"f01a178\" data-element_type=\"widget\" data-e-type=\"widget\" data-widget_type=\"text-editor.default\">\n\t\t\t\t<div class=\"elementor-widget-container\">\n\t\t\t\t\t\t\t\t\t<p>1966 war die Narrenzunft Gr\u00fcndungsmitglied des Narrenfreundschaftsrings Schwarzwald-Baar-Heuberg und richtete bereits 1968 das erste Ringtreffen in Deilingen-Delkhofen aus. Weitere Ringtreffen fanden 1990, 2006 und 2012 statt, und die Zunft wurde f\u00fcr ihre gro\u00dfartigen Veranstaltungen weithin bekannt. Ein besonderes Highlight war das Jahr 2013, als die Zunft ihr 50-j\u00e4hriges Jubil\u00e4um mit befreundeten Z\u00fcnften unter dem Motto \u201eNarren zu Gast bei Freunden\u201c feierte.<\/p><p>Der Gardewettbewerb, der j\u00e4hrlich eine Woche vor der Hauptfasnet stattfindet, zieht inzwischen Teilnehmer und Zuschauer aus der gesamten Region an und ist ein weiteres Beispiel f\u00fcr die lebendige Tradition, die in Deilingen-Delkhofen gepflegt wird.<\/p>\t\t\t\t\t\t\t\t<\/div>\n\t\t\t\t<\/div>\n\t\t\t\t\t<\/div>\n\t\t<\/div>\n\t\t\t\t\t<\/div>\n\t\t<\/section>\n\t\t\t\t<section class=\"elementor-section elementor-top-section elementor-element elementor-element-cf878c2 elementor-section-boxed elementor-section-height-default elementor-section-height-default\" data-id=\"cf878c2\" data-element_type=\"section\" data-e-type=\"section\">\n\t\t\t\t\t\t<div class=\"elementor-container elementor-column-gap-default\">\n\t\t\t\t\t<div class=\"elementor-column elementor-col-100 elementor-top-column elementor-element elementor-element-9cfb12e\" data-id=\"9cfb12e\" data-element_type=\"column\" data-e-type=\"column\">\n\t\t\t<div class=\"elementor-widget-wrap elementor-element-populated\">\n\t\t\t\t\t\t<div class=\"elementor-element elementor-element-6bca577 elementor-widget elementor-widget-heading\" data-id=\"6bca577\" data-element_type=\"widget\" data-e-type=\"widget\" data-widget_type=\"heading.default\">\n\t\t\t\t<div class=\"elementor-widget-container\">\n\t\t\t\t\t<h2 class=\"elementor-heading-title elementor-size-default\">Die j\u00e4hrliche Fasnet und der Narrenalltag heute<\/h2>\t\t\t\t<\/div>\n\t\t\t\t<\/div>\n\t\t\t\t\t<\/div>\n\t\t<\/div>\n\t\t\t\t\t<\/div>\n\t\t<\/section>\n\t\t\t\t<section class=\"elementor-section elementor-top-section elementor-element elementor-element-cf96d23 elementor-section-boxed elementor-section-height-default elementor-section-height-default\" data-id=\"cf96d23\" data-element_type=\"section\" data-e-type=\"section\">\n\t\t\t\t\t\t<div class=\"elementor-container elementor-column-gap-default\">\n\t\t\t\t\t<div class=\"elementor-column elementor-col-100 elementor-top-column elementor-element elementor-element-230189d\" data-id=\"230189d\" data-element_type=\"column\" data-e-type=\"column\">\n\t\t\t<div class=\"elementor-widget-wrap elementor-element-populated\">\n\t\t\t\t\t\t<div class=\"elementor-element elementor-element-8515ac5 elementor-widget elementor-widget-text-editor\" data-id=\"8515ac5\" data-element_type=\"widget\" data-e-type=\"widget\" data-widget_type=\"text-editor.default\">\n\t\t\t\t<div class=\"elementor-widget-container\">\n\t\t\t\t\t\t\t\t\t<p>Die Fasnet wird in Deilingen-Delkhofen heute so lebendig gefeiert wie eh und je. Am Schmotzigen Donnerstag beginnen die Feierlichkeiten mit der Befreiung der Grundsch\u00fcler und der Schl\u00fcssel\u00fcbergabe an die Narren. Am Abend zieht ein Fackelzug durch die Gemeinde, und die Dorfgemeinschaft versammelt sich zur feierlichen Amtsenthebung des B\u00fcrgermeisters. Am Fasnetsmontag wird das n\u00e4rrische Treiben mit einem gro\u00dfen Umzug gekr\u00f6nt, und bei den \u201eBunten Abenden\u201c sorgen die j\u00fcngeren Generationen der Zunft f\u00fcr Unterhaltung.<\/p><p>Mit ihrem Engagement, ihrer Geschichte und ihrem unverkennbaren Charakter ist die Narrenzunft Deilingen-Delkhofen heute ein fester Bestandteil der schw\u00e4bisch-alemannischen Fasnet und eine beliebte Gastzunft in der Region.<\/p>\t\t\t\t\t\t\t\t<\/div>\n\t\t\t\t<\/div>\n\t\t\t\t\t<\/div>\n\t\t<\/div>\n\t\t\t\t\t<\/div>\n\t\t<\/section>\n\t\t\t\t<section class=\"elementor-section elementor-top-section elementor-element elementor-element-5c9ad39 elementor-section-boxed elementor-section-height-default elementor-section-height-default\" data-id=\"5c9ad39\" data-element_type=\"section\" data-e-type=\"section\">\n\t\t\t\t\t\t<div class=\"elementor-container elementor-column-gap-default\">\n\t\t\t\t\t<div class=\"elementor-column elementor-col-100 elementor-top-column elementor-element elementor-element-293b795\" data-id=\"293b795\" data-element_type=\"column\" data-e-type=\"column\">\n\t\t\t<div class=\"elementor-widget-wrap elementor-element-populated\">\n\t\t\t\t\t\t<div class=\"elementor-element elementor-element-236fe01 elementor-widget elementor-widget-heading\" data-id=\"236fe01\" data-element_type=\"widget\" data-e-type=\"widget\" data-widget_type=\"heading.default\">\n\t\t\t\t<div class=\"elementor-widget-container\">\n\t\t\t\t\t<h2 class=\"elementor-heading-title elementor-size-default\">Ein Erbe lebendiger Traditionen<\/h2>\t\t\t\t<\/div>\n\t\t\t\t<\/div>\n\t\t\t\t\t<\/div>\n\t\t<\/div>\n\t\t\t\t\t<\/div>\n\t\t<\/section>\n\t\t\t\t<section class=\"elementor-section elementor-top-section elementor-element elementor-element-28c68fe elementor-section-boxed elementor-section-height-default elementor-section-height-default\" data-id=\"28c68fe\" data-element_type=\"section\" data-e-type=\"section\">\n\t\t\t\t\t\t<div class=\"elementor-container elementor-column-gap-default\">\n\t\t\t\t\t<div class=\"elementor-column elementor-col-100 elementor-top-column elementor-element elementor-element-f7d852f\" data-id=\"f7d852f\" data-element_type=\"column\" data-e-type=\"column\">\n\t\t\t<div class=\"elementor-widget-wrap elementor-element-populated\">\n\t\t\t\t\t\t<div class=\"elementor-element elementor-element-518822f elementor-widget elementor-widget-text-editor\" data-id=\"518822f\" data-element_type=\"widget\" data-e-type=\"widget\" data-widget_type=\"text-editor.default\">\n\t\t\t\t<div class=\"elementor-widget-container\">\n\t\t\t\t\t\t\t\t\t<p>Die Narrenzunft Deilingen-Delkhofen blickt auf eine lebendige und bunte Tradition zur\u00fcck und bringt die ganze Gemeinde zur Fasnet zusammen. Seit mehr als 150 Jahren wird hier der Brauch gepflegt, gefeiert und weitergegeben \u2013 in der Gemeinde und weit dar\u00fcber hinaus.<\/p>\t\t\t\t\t\t\t\t<\/div>\n\t\t\t\t<\/div>\n\t\t\t\t\t<\/div>\n\t\t<\/div>\n\t\t\t\t\t<\/div>\n\t\t<\/section>\n\t\t\t\t<\/div>\n\t\t","protected":false},"excerpt":{"rendered":"<p>Die Narrenzunft Deilingen-Delkhofen kann auf eine reichhaltige und lebendige Geschichte&hellip;<\/p>\n<p> <a class=\"more-link\" href=\"https:\/\/nzdd.de\/?page_id=12260\">Weiterlesen<\/a><\/p>\n","protected":false},"author":1,"featured_media":0,"parent":0,"menu_order":0,"comment_status":"closed","ping_status":"closed","template":"","meta":{"footnotes":""},"class_list":["post-12260","page","type-page","status-publish"],"_links":{"self":[{"href":"https:\/\/nzdd.de\/index.php?rest_route=\/wp\/v2\/pages\/12260"}],"collection":[{"href":"https:\/\/nzdd.de\/index.php?rest_route=\/wp\/v2\/pages"}],"about":[{"href":"https:\/\/nzdd.de\/index.php?rest_route=\/wp\/v2\/types\/page"}],"author":[{"embeddable":true,"href":"https:\/\/nzdd.de\/index.php?rest_route=\/wp\/v2\/users\/1"}],"replies":[{"embeddable":true,"href":"https:\/\/nzdd.de\/index.php?rest_route=%2Fwp%2Fv2%2Fcomments&post=12260"}],"version-history":[{"count":10,"href":"https:\/\/nzdd.de\/index.php?rest_route=\/wp\/v2\/pages\/12260\/revisions"}],"predecessor-version":[{"id":12568,"href":"https:\/\/nzdd.de\/index.php?rest_route=\/wp\/v2\/pages\/12260\/revisions\/12568"}],"wp:attachment":[{"href":"https:\/\/nzdd.de\/index.php?rest_route=%2Fwp%2Fv2%2Fmedia&parent=12260"}],"curies":[{"name":"wp","href":"https:\/\/api.w.org\/{rel}","templated":true}]}}